or of 59591?
True
Is 1097550 a multiple of 23?
False
Is 33 a factor of 70427?
False
Is 3 a factor of 111102?
True
Is 199 a factor of 998781?
True
Is 2098421 a multiple of 33?
False
Does 12 divide 25368?
True
Does 13 divide 4975271?
False
Is 11510259 a multiple of 9?
False
Does 367 divide 91868?
False
Is 34986 a multiple of 21?
True
Is 8 a factor of 6424?
True
Is 9 a factor of 56691?
True
Does 28 divide 1075833?
False
Does 19 divide 438815?
False
Is 105 a factor of 75495?
True
Is 476 a factor of 2977422?
False
Is 3013743 a multiple of 35?
False
Is 587277 a multiple of 31?
False
Is 10 a factor of 134658?
False
Is 53 a factor of 2954450?
False
Is 3 a factor of 366597?
True
Does 94 divide 248654?
False
Is 6345 a multiple of 9?
True
Is 104845 a multiple of 65?
True
Is 29912 a multiple of 41?
False
Is 84064 a multiple of 105?
False
Is 635436 a multiple of 19?
True
Is 4510614 a multiple of 24?
False
Does 42 divide 100799?
False
Is 47440 a multiple of 18?
False
Is 143639 a multiple of 29?
False
Is 10 a factor of 599770?
True
Is 157530 a multiple of 590?
True
Is 52259 a multiple of 104?
False
Is 235808 a multiple of 72?
False
Is 122 a factor of 178730?
True
Does 12 divide 15628588?
False
Is 692871 a multiple of 97?
True
Is 1164 a factor of 2438761?
False
Does 14 divide 86088?
False
Is 14 a factor of 1426002?
False
Is 137 a factor of 2446409?
True
Is 199683 a multiple of 9?
True
Is 34176 a multiple of 48?
True
Is 678208 a multiple of 4?
True
Is 1229 a factor of 626790?
True
Is 26 a factor of 367093?
False
Does 8 divide 419600?
True
Is 16965 a multiple of 13?
True
Is 76 a factor of 34227?
False
Is 2120886 a multiple of 17?
True
Does 3 divide 38952?
True
Is 66 a factor of 905982?
True
Does 45 divide 401130?
True
Is 4366937 a multiple of 305?
False
Is 13970320 a multiple of 35?
True
Does 410 divide 1042953?
False
Does 90 divide 913958?
False
Is 347 a factor of 1477526?
True
Is 6 a factor of 95736?
True
Is 1558260 a multiple of 18?
True
Is 2574054 a multiple of 6?
True
Does 5 divide 18846441?
False
Is 143 a factor of 12298?
True
Is 3163049 a multiple of 943?
False
Is 7 a factor of 655732?
True
Is 1157 a factor of 3348358?
True
Is 8 a factor of 70320?
True
Does 27 divide 1392390?
True
Is 132753 even?
False
Is 56 a factor of 45189701?
False
Is 20 a factor of 217310?
False
Does 48 divide 3322512?
True
Is 2627728 a multiple of 160?
False
Does 61 divide 5170543?
True
Does 1751 divide 21879607?
False
Is 11 a factor of 43261?
False
Is 12 a factor of 669216?
True
Is 1241 a factor of 6807495?
False
Is 26 a factor of 958334?
True
Does 104 divide 1523437?
False
Is 7 a factor of 318363?
False
Is 18 a factor of 3793338?
True
Is 10880001 a multiple of 14?
False
Is 1488151 a multiple of 206?
False
Is 95 a factor of 864723?
False
Does 42 divide 780738?
True
Does 21 divide 5410?
False
Does 240 divide 90000?
True
Is 11 a factor of 166353?
True
Is 90 a factor of 343904?
False
Does 19 divide 24130713?
False
Does 1523 divide 672643?
False
Does 30 divide 37860?
True
Is 290 a factor of 206341?
False
Does 1293 divide 3715235?
False
Is 414 a factor of 87559?
False
Does 46 divide 9295634?
True
Is 33 a factor of 2458632?
True
Is 20622996 a multiple of 12?
True
Is 3309201 a multiple of 783?
False
Is 45 a factor of 260458?
False
Does 3 divide 631516?
False
Is 2834695 a multiple of 77?
False
Does 13 divide 3100838?
True
Is 418 a factor of 616335?
False
Is 1511872 a multiple of 7?
False
Is 156 a factor of 665619?
False
Is 1532927 a multiple of 803?
True
Is 388 a factor of 28277?
False
Does 8 divide 564150?
False
Is 2543931 a multiple of 13?
True
Is 8 a factor of 293194?
False
Is 28 a factor of 311496?
False
Is 15 a factor of 36315?
True
Is 140 a factor of 67060?
True
Is 300252 a multiple of 1146?
True
Is 1085730 a multiple of 105?
False
Is 16 a factor of 329808?
True
Is 50239 a multiple of 44?
False
Is 5 a factor of 154140?
True
Does 242 divide 2289078?
True
Is 1724328 a multiple of 9?
True
Is 146280 a multiple of 92?
True
Is 62385 a multiple of 5?
True
Is 6 a factor of 46813?
False
Is 2359500 a multiple of 660?
True
Is 1847274 a multiple of 286?
True
Does 10 divide 188477?
False
Is 6923154 a multiple of 685?
False
Is 88 a factor of 32385?
False
Does 228 divide 446777?
False
Does 34 divide 120564?
True
Does 219 divide 172353?
True
Is 47790 a multiple of 18?
True
Is 2182736 a multiple of 72?
False
Does 9 divide 1710612?
True
Is 22 a factor of 4147419?
False
Is 1956480 a multiple of 64?
True
Is 59 a factor of 311933?
True
Is 4150534 a multiple of 298?
False
Is 1162644 a multiple of 42?
True
Is 246526 a multiple of 14?
True
Is 509685 a multiple of 15?
True
Is 76 a factor of 6321528?
True
Does 7 divide 214568?
False
Is 16 a factor of 944516?
False
Does 276 divide 7455946?
False
Is 19 a factor of 118921?
True
Is 1274250 a multiple of 553?
False
Does 29 divide 314215?
True
Is 591788 a multiple of 574?
False
Does 24 divide 3718?
False
Is 33732 a multiple of 12?
True
Does 11 divide 369750?
False
Is 14829 a multiple of 68?
False
Is 441 a factor of 7187066?
False
Is 590668 a multiple of 5?
False
Is 15 a factor of 616995?
True
Is 3 a factor of 11723?
False
Is 403 a factor of 87451?
True
Is 94413 a multiple of 3?
True
Is 2289 a factor of 993167?
False
Is 23210 a multiple of 211?
True
Is 3211208 a multiple of 44?
True
Is 820180 a multiple of 4?
True
Does 19 divide 17290?
True
Is 2 a factor of 21258?
True
Is 18 a factor of 3475?
False
Is 9 a factor of 71185?
False
Is 10 a factor of 41000?
True
Does 698 divide 441939?
False
Does 82 divide 1372640?
False
Is 16 a factor of 10534093?
False
Does 78 divide 1113124?
False
Is 55 a factor of 259758?
False
Does 51 divide 905588?
False
Is 15 a factor of 265905?
True
Is 73926 a multiple of 19?
False
Is 13455189 a multiple of 742?
False
Is 377 a factor of 645047?
True
Does 5 divide 49915?
True
Is 32 a factor of 130240?
True
Does 37 divide 47508?
True
Does 8 divide 946520?
True
Does 19 divide 889960?
True
Is 14 a factor of 3075763?
False
Does 216 divide 599116?
False
Is 20 a factor of 3157857?
False
Is 28 a factor of 408193?
False
Does 128 divide 436352?
True
Is 247 a factor of 689982?
False
Is 67 a factor of 305185?
True
Is 1048 a factor of 1252106?
False
Does 21 divide 610462?
False
Is 395 a factor of 7304063?
False
Is 403968 a multiple of 256?
True
Is 442251 a multiple of 30?
False
Does 16 divide 14113012?
False
Is 1802628 a multiple of 12?
True
Is 13 a factor of 618020?
True
Is 14 a factor of 9786?
True
Is 970 a factor of 6272121?
False
Is 440 a factor of 923695?
False
Does 559 divide 1687558?
False
Does 59 divide 203474?
False
Is 5343018 a multiple of 174?
True
Is 27635993 a multiple of 61?
False
Is 194 a factor of 158692?
True
Does 31 divide 196537?
False
Does 13 divide 147399?
False
Does 260 divide 5389053?
False
Is 1898057 a multiple of 397?
True
Does 47 divide 1055432?
True
Is 49811 a multiple of 15?
False
Is 415855 a multiple of 18?
False
Does 12 divide 75624?
True
Is 7909132 a multiple of 154?
True
Is 123 a factor of 47798?
False
Does 34 divide 67218?
True
Is 59 a factor of 278540?
False
Is 546 a factor of 6742554?
True
Is 239 a factor of 3770225?
True
Is 17 a factor of 17112?
False
Is 48 a factor of 141840?
True
Is 37 a factor of 18907?
True
Does 267 divide 229323?
False
Is 534532 a multiple of 164?
False
Is 29 a factor of 124716?
False
Is 26 a factor of 58474?
True
Is 179 a factor of 5568690?
True
Does 70 divide 57540?
True
Is 25 a factor of 476208?
False
Is 8804864 a multiple of 1487?
False
Is 4575658 a multiple of 5?
False
Is 14 a factor of 999001?
False
Is 6850600 a multiple of 8?
True
Does 191 divide 125442?
False
Is 48 a factor of 1918851?
False
Does 53 divide 35457?
True
Does 120 divide 163636?
False
Is 2097546 a multiple of 19?
False
Does 3 divide 24528?
True
Is 11206031 a multiple of 7?
False
Is 23188542 a multiple of 36?
False
Is 4642270 a multiple of 53?
True
Is 432555 a multiple of 29?
False
Does 7 divide 91552?
False
Does 113 divide 889716?
False
Does 3 divide 2105624?
False
Does 97 divide 1536910?
False
Does 146 divide 2865052?
False
Is 317 a factor of 1213490?
False
Is 70 a factor of 916300?
True
Does 227 divide 1457198?
False
Does 1370 divide 13533601?
False
Does 14 divide 538006?
True
Is 14842394 a multiple of 1057?
True
Is 19 a fa